 be the first derivative of o(p). What is the tens digit of g(-9)?
4
Let f(j) = -j**3 - 14*j**2 + 26*j + 1. Suppose -c = 4*q + 35, 0 = -c - 57*q + 59*q - 11. What is the thousands digit of f(c)?
1
Let n(p) = p**3 - 4*p**2 - 6*p + 7. Let a be n(5). What is the tens digit of (8/a + 15)*(2 - -17)?
6
Let c(h) = -93*h - 20. Let a be c(-15). Suppose -2*z = -7*z + a. What is the hundreds digit of z?
2
Let g(c) = 17*c**2 + 30*c + 12. Let n(a) = -9*a**2 - 15*a - 5. Let u(t) = 4*g(t) + 7*n(t). What is the hundreds digit of u(-6)?
1
Let l(f) = -2*f**3 - 2*f**2 - 2*f - 5. Let w be l(-4). Suppose -7*u = -448 + 56. Suppose -5*y + 56 + w = 5*m, -4*m - u = -y. What is the units digit of y?
6
Suppose 10712 = 5*g - 4*k, 0 = 3*g - 5*g - k + 4277. What is the units digit of g?
0
Suppose d - 5*y = 225, -4*d + 8*d - 816 = -y. What is the units digit of 10/(-10)*d/(-1)?
5
Let d(i) = -i**2 - 23*i - 81. Let n be d(-16). Let b be (-4)/14 - (-47)/(-7). Let c = n + b. What is the tens digit of c?
2
Let t be (24/16)/(9/150). Suppose -18*f - 2688 = -t*f. What is the units digit of f?
4
Let h = -1364 - -2527. Suppose -h = -19*l + 12707. What is the hundreds digit of l?
7
Suppose 0 = -10*g + 16582 + 8798. Suppose -r + 590 = x + 84, 0 = -5*r + 3*x + g. What is the tens digit of r?
0
Suppose 3*m + 2*d = -3807, -6*d + 2*d = 2*m + 2546. Let c = -587 - m. What is the units digit of c?
0
Let w(h) = 143*h + 7476. What is the hundreds digit of w(-16)?
1
Let j = -69043 + 133367. What is the units digit of j?
4
Suppose -4*m - 4*m = -4*m. Suppose -5*t = s - 1835, m = 9*s - 12*s. What is the tens digit of t?
6
Let s(j) = 104*j**2 - 3*j - 1. Let g be s(-3). Suppose -4*r = -5*m - 2360, 3*r - 4*r = -2*m - g. Let t = -261 - m. What is the hundreds digit of t?
2
Let s(u) = 250*u**2 + 7*u + 8. Let t be s(-1). Let l = t - -51. What is the units digit of l?
2
Suppose 4638*z - 4644*z + 6840 = 0. What is the thousands digit of z?
1
Suppose 5*z = 9 + 1. Let r(u) = -159 + 160 - 28*u**3 + 13*u**3 - 39*u**3 + z*u. What is the units digit of r(-1)?
3
Suppose -5*z + 6*x = x - 26705, 0 = 2*z + 5*x - 10703. Suppose -5354 = -5*t + 2*t + d, 0 = -3*t - d + z. What is the hundreds digit of t?
7
Let p(v) = -17*v + 20. Let g be p(-3). Let w be g + 12/(-20)*-5. Suppose w = 5*t - 956. What is the tens digit of t?
0
Suppose 13*l - 3703 - 17617 = 0. What is the tens digit of l?
4
Suppose -15*i - 268 = -16*i. Suppose t - 1 = 0, 2*t + i = 2*c - 2*t. Let f = c - 55. What is the tens digit of f?
8
Let q be (-13)/((-91)/(-64)) + 9 + 44/14. Let v be (-2)/6 + (-775)/(-3). Suppose 3*d - 305 = 4*w, v - 698 = -4*d - q*w. What is the tens digit of d?
0
Let w(p) be the second derivative of -19*p + 0*p**2 - 2*p**3 + 0 + 1/2*p**4. What is the units digit of w(5)?
0
Let j(b) = -b**3 - 28*b**2 - 115*b + 3. Let u be j(-23). Suppose -336 = -k + u*l, 278 + 374 = 2*k + 4*l. What is the units digit of k?
0
Let d = -5246 + 12786. What is the thousands digit of d?
7
Let l(b) = 33*b + 27. Let k be l(12). Let u = -80 + k. What is the hundreds digit of u?
3
Suppose 0 = 4*t - 509 - 191. Suppose -3*r = 4*m - 700, 0*m = m + r - t. Suppose -5*j + 5*k + m = 0, 0 = 3*j + 3*k + k - 84. What is the tens digit of j?
3
Let s = 19248 - 10031. What is the units digit of s?
7
What is the units digit of 8026/10 + 5*(-14)/(-175)?
3
Suppose -4*v = -4*g - 2212, -3*v + 70 = -g - 1581. Let z = v + -464. What is the units digit of z?
5
Suppose -1575798 = -23*s - 522237. What is the thousands digit of s?
5
Let b(u) be the third derivative of 0*u + 0 + 1/60*u**5 - 19*u**2 + 32/3*u**3 + 1/4*u**4. What is the units digit of b(0)?
4
Let y(r) = 62*r + 5. Let c(h) = 21*h + 1. Suppose -t + 22 = t + 4*i, -5*t - 4*i = -85. Let v(s) = t*c(s) - 6*y(s). What is the units digit of v(3)?
8
Let n(p) be the second derivative of 0 + 4/3*p**3 - 1/20*p**5 - 44*p + p**4 + 3/2*p**2. What is the tens digit of n(10)?
8
Let f(o) = 16*o**3 - 47*o + 63. What is the tens digit of f(10)?
9
Let c(h) = h**2 - 19*h + 57. Let d(t) = 2*t**3 + 12*t**2 - 4*t - 3. Let p be d(-6). What is the tens digit of c(p)?
9
Let u(w) = -205*w**3 - 10*w - 7*w**2 + 206*w**3 + 3*w + w**2. What is the tens digit of u(10)?
3
Let z be (-2 + (-51)/6)/(2/4). Let c = -46 + z. Let k = c - -91. What is the tens digit of k?
2
Suppose 32182 = 5*o + 2*d - 5*d, 0 = -2*o - 3*d + 12877. What is the hundreds digit of o?
4
Suppose 2*m = -4*a + 10, 11*a - 16*a = 2*m - 14. Let o(n) = n + 1. Let k be o(-1). Suppose -f - h - h + 28 = 0, -f - a*h + 28 = k. What is the units digit of f?
8
Let x(i) = -2994*i - 3697. What is the ten thousands digit of x(-9)?
2
What is the thousands digit of 38225/(-15)*(-3 + 0)?
7
Let m be 0/1 + 40 + 0 + -1. Let g be 1/(-6) - m/(-18). What is the units digit of (-222)/(-4) + g*4/16?
6
Suppose m + 55059 = 4*r, 86*r - 87*r = -m - 13764. What is the ten thousands digit of r?
1
Suppose -250*p + 94175 = 37456 - 34281. What is the hundreds digit of p?
3
Let g be 4/(-10) + (-497)/(-5). Suppose -113*x + g = -104*x. What is the units digit of x?
1
Let r = 338 + -419. What is the tens digit of (r/2)/(32/(-1216))?
3
Let u(v) = 245*v**2 - 3*v + 3. Let x be u(1). Let s = 649 - x. What is the hundreds digit of s?
4
Let f = 2102 + 1070. Suppose 878 = 2*x - f. Suppose 15*y = 6*y + x. What is the units digit of y?
5
Suppose -12*u = -7*u - 25. Let k be (-14)/(-4) - (5/10 - 2). Suppose -j + k*m - 66 + 285 = 0, 0 = u*j - m - 1071. What is the tens digit of j?
1
Let s(d) = -d**3 + 22*d**2 - 25*d + 134. Let b(q) = -q**2 + 46*q - 71. Let w be b(44). What is the tens digit of s(w)?
5
Suppose 3*a + 3 = -2*g + 9, 4*g - 28 = 2*a. What is the units digit of 235/g + (-15)/90?
9
What is the hundreds digit of 1511050/423 - 4/18?
5
Suppose -6*g = -20 + 8. Suppose g*a + 726 = -a. Let s = 391 + a. What is the hundreds digit of s?
1
Let j(n) = n**2 - n. Let p(b) = -50*b**3 - 7*b**2 + 4*b + 2. Let l(h) = -6*j(h) - p(h). Let k be l(1). Let i = -30 + k. What is the units digit of i?
1
Suppose 8*x - 9*x - h = -15819, 0 = x + 4*h - 15810. What is the tens digit of x?
2
Let u be -2*((-3)/21 - (-17670)/(-84)). Suppose 0 = 6*k + u - 4435. What is the hundreds digit of k?
6
Suppose 30 = -3*i - 0*i. Let h(a) = -7*a**2 - 10*a**3 + 4*a**3 - 10*a + 5*a**3 + 31*a - 18. What is the units digit of h(i)?
2
Let y(d) = 3347*d + 1107. What is the ten thousands digit of y(13)?
4
Let j = -144 + 152. Suppose -z + 3*l = -490 + j, 0 = -4*z + 4*l + 1912. What is the tens digit of z?
7
Suppose -849*b = -844*b + 14180. Let t = b - -4421. What is the hundreds digit of t?
5
Let k(o) = 6*o + 8. Let i = -103 - -116. What is the units digit of k(i)?
6
Suppose 2*q = 1220 + 1570. Suppose 3*z - 3*m = 1257, -q = -4*z + 5*m + 280. Suppose 11*f + z = 16*f. What is the tens digit of f?
8
Let h = 76039 + -204083. What is the tens digit of 4/(-9) + h/(-306)?
1
Suppose 20160 = i + 2*i - 3*g, 4*i - g = 26889. What is the units digit of i?
3
Suppose 4*o + 4*x + x + 48 = 0, -3*x + 23 = -5*o. What is the hundreds digit of (-2859)/o - (-12)/21?
4
Let v = 81 - 12. Let z be 231/9 + 35/15. Let c = v + z. What is the units digit of c?
7
Let s(p) = 28*p**2 - 20*p + 3. Let y be s(-3). What is the tens digit of ((-8)/(-12))/(4/6) + y?
1
Let o(d) = 2*d + 2. Let c be o(1). Suppose -c*a + y - 448 = 0, 3*y - 248 = 5*a + 305. Let s = a - -161. What is the tens digit of s?
4
Suppose -10*y + 1999 = -9061. Suppose 5*l = -5*i - 386 + y, -159 = -i - 4*l. What is the tens digit of i?
3
Suppose 8*z - 22*z + 46150 = -4*z. What is the thousands digit of z?
4
Let k(y) = 2*y**2 + 12*y + 4. Let n be k(-9). Suppose a - n = 5*d - 2*a, 2*d = 2*a - 24. Let m(o) = 3*o**2 + 17*o + 15. What is the tens digit of m(d)?
9
Let g = -578 + -814. Let q = 157 - g. What is the hundreds digit of q?
5
What is the tens digit of (-6)/51 + 1224/578 + 7981?
8
Let y be -399 - 0 - (-7 + 7). Let x = -261 - y. Let d = x - 9. What is the hundreds digit of d?
1
Suppose -3*t - 8*t = 0. Suppose -4*y - 3 + 235 = t. Let d = y + 33. What is the tens digit of d?
9
Suppose 10*t = 10 + 10. Let c be 6/3*(t - 0 - 1). Suppose 2*r - 33 = -3*k, c*r - 10 = 3*k + 5. What is the units digit of r?
2
Let m = -2 - -71. Let l = 161 + -36. Let q = l - m. What is the tens digit of q?
5
Suppose 10*z + 3*q - 35 = 6*z, 0 = 2*z + 3*q - 25. Suppose 0 = 3